{"id":37,"date":"2019-01-07T16:22:51","date_gmt":"2019-01-07T15:22:51","guid":{"rendered":"https:\/\/jazzenville.lhappyjazz.com\/?page_id=37"},"modified":"2019-12-08T22:54:22","modified_gmt":"2019-12-08T21:54:22","slug":"infos-pratiques","status":"publish","type":"page","link":"https:\/\/jazzenville.lhappyjazz.com\/index.php\/infos-pratiques\/","title":{"rendered":"Informations pratiques"},"content":{"rendered":"\n<h2 class=\"wp-block-heading\">R\u00e9servations et tarifs<\/h2>\n\n\n\n<p>Pour les concerts suivants :<\/p>\n\n\n\n<ul class=\"wp-block-list\"><li>sam 25 janvier : Jean-Marie Machado &#8211; Danzas au conservatoire<\/li><li>dim 26 janvier : Bal Swing \u00e0 la mairie<\/li><li>dim 2 f\u00e9vrier : Ramona Horvath, Hommage \u00e0 Duke Ellington, \u00e0 la Villa M\u00e9dicis (gratuit mais r\u00e9servation conseill\u00e9e)<\/li><li>mar 4 f\u00e9vrier : Deldongo &#8211; Latin Jazz \u00e0 la salle Radiguet<\/li><\/ul>\n\n\n\n<p>les r\u00e9servations et paiement se font uniquement <a href=\"https:\/\/www.helloasso.com\/associations\/l-happy-jazz\/evenements\/festival-jazz-en-ville-a-saint-maur-des-fosses\">via ce site <\/a> <\/p>\n\n\n\n<div style=\"height:20px\" aria-hidden=\"true\" class=\"wp-block-spacer\"><\/div>\n\n\n\n<p>Pour le concert Harlem Swing Show du samedi 1er f\u00e9vrier, les r\u00e9servations se font uniquement au th\u00e9\u00e2tre ou par t\u00e9l\u00e9phone au th\u00e9\u00e2tre : 01 48 89 99 10   <\/p>\n\n\n\n<p>Le concert Hommage \u00e0 Ella Fiztgerald du samedi 1er f\u00e9vrier \u00e0 15h \u00e0 la M\u00e9diath\u00e8que est en entr\u00e9e libre, sans r\u00e9servation<\/p>\n\n\n\n<h2 class=\"wp-block-heading\">Les lieux<\/h2>\n\n\n\n<p><strong>Th\u00e9\u00e2tre de Saint-Maur<\/strong><br>20 Rue de la Libert\u00e9<br>94100 Saint-Maur-des-Foss\u00e9s<br><br><strong>Auditorium du Conservatoire<\/strong><br>25 Rue Kruger<br>94100 Saint-Maur-des-Foss\u00e9s<br><br><strong>Villa Medicis<\/strong><br>5 Rue Saint-Hilaire<br>94210 Saint-Maur-des-Foss\u00e9s  <\/p>\n\n\n\n<p><strong>M\u00e9diath\u00e8que<\/strong><br>23 Avenue Henri Martin<br>94100 Saint-Maur-des-Foss\u00e9s<\/p>\n\n\n\n<p><strong>Mairie<\/strong><br>Place Charles de Gaulle<br>94100 Saint-Maur-des-Foss\u00e9s <br><\/p>\n\n\n<h2>Contact<font color=\"#191e23\"><span style=\"background-color: rgb(232, 234, 235);\"><\/span><\/font><\/h2>\n\n\n<p>Contactez nous \u00e0 <a href=\"mailto:lhappyjazz@gmail.com\">lhappyjazz@gmail.com<\/a><\/p>\n","protected":false},"excerpt":{"rendered":"<p>R\u00e9servations et tarifs Pour les concerts suivants : sam 25 janvier : Jean-Marie Machado &#8211; Danzas au conservatoire dim 26 janvier : Bal Swing \u00e0 la mairie dim 2 f\u00e9vrier : Ramona Horvath, Hommage \u00e0 Duke Ellington, \u00e0 la Villa M\u00e9dicis (gratuit mais r\u00e9servation conseill\u00e9e) mar 4 f\u00e9vrier : Deldongo &#8211; Latin Jazz \u00e0 la &hellip; <a href=\"https:\/\/jazzenville.lhappyjazz.com\/index.php\/infos-pratiques\/\" class=\"more-link\">Continuer la lecture<span class=\"screen-reader-text\"> de &laquo;&nbsp;Informations pratiques&nbsp;&raquo;<\/span><\/a><\/p>\n","protected":false},"author":1,"featured_media":0,"parent":0,"menu_order":0,"comment_status":"closed","ping_status":"closed","template":"","meta":{"footnotes":""},"class_list":["post-37","page","type-page","status-publish","hentry"],"_links":{"self":[{"href":"https:\/\/jazzenville.lhappyjazz.com\/index.php\/wp-json\/wp\/v2\/pages\/37","targetHints":{"allow":["GET"]}}],"collection":[{"href":"https:\/\/jazzenville.lhappyjazz.com\/index.php\/wp-json\/wp\/v2\/pages"}],"about":[{"href":"https:\/\/jazzenville.lhappyjazz.com\/index.php\/wp-json\/wp\/v2\/types\/page"}],"author":[{"embeddable":true,"href":"https:\/\/jazzenville.lhappyjazz.com\/index.php\/wp-json\/wp\/v2\/users\/1"}],"replies":[{"embeddable":true,"href":"https:\/\/jazzenville.lhappyjazz.com\/index.php\/wp-json\/wp\/v2\/comments?post=37"}],"version-history":[{"count":18,"href":"https:\/\/jazzenville.lhappyjazz.com\/index.php\/wp-json\/wp\/v2\/pages\/37\/revisions"}],"predecessor-version":[{"id":400,"href":"https:\/\/jazzenville.lhappyjazz.com\/index.php\/wp-json\/wp\/v2\/pages\/37\/revisions\/400"}],"wp:attachment":[{"href":"https:\/\/jazzenville.lhappyjazz.com\/index.php\/wp-json\/wp\/v2\/media?parent=37"}],"curies":[{"name":"wp","href":"https:\/\/api.w.org\/{rel}","templated":true}]}}