{"id":6,"date":"2019-01-07T14:58:37","date_gmt":"2019-01-07T13:58:37","guid":{"rendered":"https:\/\/jazzenville.lhappyjazz.com\/?page_id=6"},"modified":"2019-10-08T23:22:55","modified_gmt":"2019-10-08T21:22:55","slug":"programme-2019","status":"publish","type":"page","link":"https:\/\/jazzenville.lhappyjazz.com\/index.php\/programme-2019\/","title":{"rendered":"Jazz en Ville 2019"},"content":{"rendered":"\n<h2 class=\"wp-block-heading\">Du 29 janvier au 3 f\u00e9vrier 2019<\/h2>\n\n\n\n<figure class=\"wp-block-image\"><img loading=\"lazy\" decoding=\"async\" width=\"1024\" height=\"341\" src=\"https:\/\/jazzenville.lhappyjazz.com\/wp-content\/uploads\/2019\/01\/Header-Twitter-1024x341.jpg\" alt=\"\" class=\"wp-image-183\" srcset=\"https:\/\/jazzenville.lhappyjazz.com\/wp-content\/uploads\/2019\/01\/Header-Twitter-1024x341.jpg 1024w, https:\/\/jazzenville.lhappyjazz.com\/wp-content\/uploads\/2019\/01\/Header-Twitter-300x100.jpg 300w, https:\/\/jazzenville.lhappyjazz.com\/wp-content\/uploads\/2019\/01\/Header-Twitter-768x256.jpg 768w, https:\/\/jazzenville.lhappyjazz.com\/wp-content\/uploads\/2019\/01\/Header-Twitter-1200x400.jpg 1200w, https:\/\/jazzenville.lhappyjazz.com\/wp-content\/uploads\/2019\/01\/Header-Twitter.jpg 1500w\" sizes=\"auto, (max-width: 709px) 85vw, (max-width: 909px) 67vw, (max-width: 1362px) 62vw, 840px\" \/><figcaption> <br><\/figcaption><\/figure>\n\n\n\n<p style=\"text-align:left\">Un nouveau festival de jazz \u00e0 Saint-Maur, <strong>Jazz en Ville<\/strong>, organis\u00e9 par <strong>L&rsquo;Happy Jazz<\/strong>.<br>Notre association organise \u00e9galement des concerts et des jam sessions tout au long de l\u2019ann\u00e9e \u00e0 Saint-Maur. Retrouvez l&rsquo;ensemble de la programmation sur <a href=\"https:\/\/www.lhappyjazz.com\">www.lhappyjazz.com<\/a><\/p>\n\n\n\n<p><\/p>\n\n\n\n<hr class=\"wp-block-separator\"\/>\n\n\n\n<h3 class=\"wp-block-heading\">Mardi 29 janvier<\/h3>\n\n\n\n<h4 class=\"wp-block-heading\">20H30 &#8211; Auditorium du conservatoire<br>THELMA YELLING JAZZ BAND<\/h4>\n\n\n\n<div class=\"wp-block-media-text alignwide\"><figure class=\"wp-block-media-text__media\"><img loading=\"lazy\" decoding=\"async\" width=\"620\" height=\"310\" src=\"https:\/\/jazzenville.lhappyjazz.com\/wp-content\/uploads\/2019\/01\/TY-Big-Band1-1.jpg\" alt=\"\" class=\"wp-image-85\" srcset=\"https:\/\/jazzenville.lhappyjazz.com\/wp-content\/uploads\/2019\/01\/TY-Big-Band1-1.jpg 620w, https:\/\/jazzenville.lhappyjazz.com\/wp-content\/uploads\/2019\/01\/TY-Big-Band1-1-300x150.jpg 300w\" sizes=\"auto, (max-width: 620px) 85vw, 620px\" \/><\/figure><div class=\"wp-block-media-text__content\">\n<p>Le Thelma Yellin Jazz Band est compos\u00e9 d\u2019une s\u00e9lection d\u2019une vingtaine de jeunes virtuoses. Il se produit r\u00e9guli\u00e8rement aux \u00c9tats-Unis et au Canada et se d\u00e9place pour la premi\u00e8re fois en France. Son r\u00e9pertoire vari\u00e9 va du swing et funk au rock et latin jazz.<\/p>\n<\/div><\/div>\n\n\n\n<p>Concert organis\u00e9 par l&rsquo;\u00e9cole Thelma Yellin <br>Entr\u00e9e : 30 \u20ac   Jeune : 15 \u20ac   Carr\u00e9 VIP : 90 \u20ac<br>R\u00e9servation :  07 67 55 88 87 &#8211; 06 11 83 28 32  <\/p>\n\n\n\n<hr class=\"wp-block-separator\"\/>\n\n\n\n<h3 class=\"wp-block-heading\">Mercredi 30 janvier<\/h3>\n\n\n\n<h4 class=\"wp-block-heading\">20H30 &#8211; cinema le lido<br>double bass &#8211; CONCERT CINE<\/h4>\n\n\n\n<div class=\"wp-block-media-text alignwide\"><figure class=\"wp-block-media-text__media\"><img loading=\"lazy\" decoding=\"async\" width=\"1024\" height=\"948\" src=\"https:\/\/jazzenville.lhappyjazz.com\/wp-content\/uploads\/2019\/01\/Marc-et-Charles-1-1024x948.jpg\" alt=\"\" class=\"wp-image-208\" srcset=\"https:\/\/jazzenville.lhappyjazz.com\/wp-content\/uploads\/2019\/01\/Marc-et-Charles-1-1024x948.jpg 1024w, https:\/\/jazzenville.lhappyjazz.com\/wp-content\/uploads\/2019\/01\/Marc-et-Charles-1-300x278.jpg 300w, https:\/\/jazzenville.lhappyjazz.com\/wp-content\/uploads\/2019\/01\/Marc-et-Charles-1-768x711.jpg 768w, https:\/\/jazzenville.lhappyjazz.com\/wp-content\/uploads\/2019\/01\/Marc-et-Charles-1-1200x1110.jpg 1200w, https:\/\/jazzenville.lhappyjazz.com\/wp-content\/uploads\/2019\/01\/Marc-et-Charles-1.jpg 1755w\" sizes=\"auto, (max-width: 709px) 85vw, (max-width: 909px) 67vw, (max-width: 1362px) 62vw, 840px\" \/><\/figure><div class=\"wp-block-media-text__content\">\n<p>Les contrebassistes Marc Buronfosse &amp; Charles Calamel invitent le vid\u00e9aste Eric Angels.<br><\/p>\n<\/div><\/div>\n\n\n\n<p>Entr\u00e9e libre<br>R\u00e9servation : 01 45 11 65 91   du lundi au vendredi <\/p>\n\n\n\n<hr class=\"wp-block-separator\"\/>\n\n\n\n<h3 class=\"wp-block-heading\">Jeudi 31 janvier<\/h3>\n\n\n\n<h4 class=\"wp-block-heading\">20H30 &#8211; Th\u00e9\u00e2tre SALLE radiguet<br>Hommage a al jarreau<\/h4>\n\n\n\n<div class=\"wp-block-media-text alignwide\"><figure class=\"wp-block-media-text__media\"><img loading=\"lazy\" decoding=\"async\" width=\"1024\" height=\"597\" src=\"https:\/\/jazzenville.lhappyjazz.com\/wp-content\/uploads\/2019\/01\/MG_7393-1024x597.jpg\" alt=\"\" class=\"wp-image-210\" srcset=\"https:\/\/jazzenville.lhappyjazz.com\/wp-content\/uploads\/2019\/01\/MG_7393-1024x597.jpg 1024w, https:\/\/jazzenville.lhappyjazz.com\/wp-content\/uploads\/2019\/01\/MG_7393-300x175.jpg 300w, https:\/\/jazzenville.lhappyjazz.com\/wp-content\/uploads\/2019\/01\/MG_7393-768x448.jpg 768w, https:\/\/jazzenville.lhappyjazz.com\/wp-content\/uploads\/2019\/01\/MG_7393-1200x700.jpg 1200w\" sizes=\"auto, (max-width: 709px) 85vw, (max-width: 909px) 67vw, (max-width: 1362px) 62vw, 840px\" \/><\/figure><div class=\"wp-block-media-text__content\">\n<p>Avec son nouveau quartet, l&rsquo;organiste Renaud Palisseaux interpr\u00e8te avec brio un Hommage \u00e0 AL JARREAU, de par ses arrangements originaux. Un concert enthousiaste et dynamique. <\/p>\n<\/div><\/div>\n\n\n\n<p>ALLEN HOIST : chant<br>RENAUD PALISSEAUX : orgue<br>PHILIPPE FIGUEIRA : guitare<br>FRANCIS ARNAUD : batterie<br> <br>Entr\u00e9e libre<br>R\u00e9servation : 01 45 11 65 91    du lundi au vendredi <\/p>\n\n\n\n<hr class=\"wp-block-separator\"\/>\n\n\n\n<h3 class=\"wp-block-heading\">Vendredi 1er f\u00e9vrier<\/h3>\n\n\n\n<h4 class=\"wp-block-heading\">20H30 &#8211; Th\u00e9\u00e2tre SALLE rabelais<br>a night in new orleans<\/h4>\n\n\n\n<div class=\"wp-block-media-text alignwide\"><figure class=\"wp-block-media-text__media\"><img loading=\"lazy\" decoding=\"async\" width=\"675\" height=\"300\" src=\"https:\/\/jazzenville.lhappyjazz.com\/wp-content\/uploads\/2019\/01\/the_funky_swing_dancers4_675_300r.jpg\" alt=\"\" class=\"wp-image-212\" srcset=\"https:\/\/jazzenville.lhappyjazz.com\/wp-content\/uploads\/2019\/01\/the_funky_swing_dancers4_675_300r.jpg 675w, https:\/\/jazzenville.lhappyjazz.com\/wp-content\/uploads\/2019\/01\/the_funky_swing_dancers4_675_300r-300x133.jpg 300w\" sizes=\"auto, (max-width: 675px) 85vw, 675px\" \/><\/figure><div class=\"wp-block-media-text__content\">\n<p>Entre street beat, m\u00e9lodies funky, tonalit\u00e9s cara\u00efbes et chor\u00e9graphies effr\u00e9n\u00e9es des danseurs acrobates, ce spectacle respire le sud des \u00c9tats-Unis. <\/p>\n<\/div><\/div>\n\n\n\n<p>Les Oyster Brothers et les Funky Swing Dancers nous emm\u00e8nent \u00e0 leur suite au coeur de cette Louisiane mythique o\u00f9 les soir\u00e9es sont encore plus belles, plus folles, plus groovy !<br><\/p>\n\n\n\n<p>Concert organis\u00e9 par le th\u00e9\u00e2tre<br>Plein tarif : 34 \u20ac   Abonn\u00e9 : 30 \u20ac   Jeune : 14 \u20ac<br>R\u00e9servation : 01 48 89 99 10 <\/p>\n\n\n\n<hr class=\"wp-block-separator\"\/>\n\n\n\n<h3 class=\"wp-block-heading\">Samedi 2 f\u00e9vrier<\/h3>\n\n\n\n<h4 class=\"wp-block-heading\">11h00 &#8211; villa medicis<br>gilles portier quartet<\/h4>\n\n\n\n<div class=\"wp-block-media-text alignwide\"><figure class=\"wp-block-media-text__media\"><img loading=\"lazy\" decoding=\"async\" width=\"942\" height=\"1024\" src=\"https:\/\/jazzenville.lhappyjazz.com\/wp-content\/uploads\/2019\/01\/Montage-942x1024.jpg\" alt=\"\" class=\"wp-image-214\" srcset=\"https:\/\/jazzenville.lhappyjazz.com\/wp-content\/uploads\/2019\/01\/Montage-942x1024.jpg 942w, https:\/\/jazzenville.lhappyjazz.com\/wp-content\/uploads\/2019\/01\/Montage-276x300.jpg 276w, https:\/\/jazzenville.lhappyjazz.com\/wp-content\/uploads\/2019\/01\/Montage-768x835.jpg 768w, https:\/\/jazzenville.lhappyjazz.com\/wp-content\/uploads\/2019\/01\/Montage-1200x1305.jpg 1200w, https:\/\/jazzenville.lhappyjazz.com\/wp-content\/uploads\/2019\/01\/Montage.jpg 1234w\" sizes=\"auto, (max-width: 709px) 85vw, (max-width: 909px) 67vw, (max-width: 1362px) 62vw, 840px\" \/><\/figure><div class=\"wp-block-media-text__content\">\n<p>Avec ces 4 musiciens r\u00e9unis par l\u2019amiti\u00e9 et la proximit\u00e9, il est question de passions : passion pour le r\u00e9pertoire bop et hardbop des 50\u2019s, passion pour le swing et le groove, passion pour les harmonies recherch\u00e9es. Ils revisiteront pour vous des standards du jazz ainsi que des compositions personnelles\u2026<br><br><\/p>\n<\/div><\/div>\n\n\n\n<p>FR\u00c9D\u00c9RIC TRUET : saxophones<br>GILLES PORTIER : piano<br>CHARLES CALAMEL : contrebasse<br>DIDIER GUAZZO : batterie<br><br>Entr\u00e9e libre <br>R\u00e9servation : 01 45 11 65 91   du lundi au vendredi  <\/p>\n\n\n\n<hr class=\"wp-block-separator\"\/>\n\n\n\n<h4 class=\"wp-block-heading\">14h00 &#8211; mediatheque<br>eternal duke<\/h4>\n\n\n\n<div class=\"wp-block-media-text alignwide\"><figure class=\"wp-block-media-text__media\"><img loading=\"lazy\" decoding=\"async\" width=\"449\" height=\"642\" src=\"https:\/\/jazzenville.lhappyjazz.com\/wp-content\/uploads\/2019\/01\/Eternal-Duke-Ellington-Solar-Duo-jazz-St-Maur.jpg\" alt=\"\" class=\"wp-image-215\" srcset=\"https:\/\/jazzenville.lhappyjazz.com\/wp-content\/uploads\/2019\/01\/Eternal-Duke-Ellington-Solar-Duo-jazz-St-Maur.jpg 449w, https:\/\/jazzenville.lhappyjazz.com\/wp-content\/uploads\/2019\/01\/Eternal-Duke-Ellington-Solar-Duo-jazz-St-Maur-210x300.jpg 210w\" sizes=\"auto, (max-width: 449px) 85vw, 449px\" \/><\/figure><div class=\"wp-block-media-text__content\">\n<p>Le Solar Jazz Duo (Lucie Fabry au chant, Samy Kerob au piano) et ses deux invit\u00e9s vont faire voyager les petits et les grands dans l\u2019univers connu et moins connu de Duke Ellington, \u00e0 travers un moment ludique et musical. C\u2019est 50 ans d\u2019histoire<br> du jazz qui vont vous \u00eatre racont\u00e9s et illustr\u00e9s par des compositions revisit\u00e9es du Duke.<br> <\/p>\n\n\n\n<p><br><br><\/p>\n<\/div><\/div>\n\n\n\n<p>LUCIE FABRY : chant<br>SAMY KEROB : piano<br>CL\u00c9MENT BLUMEN : contrebasse<br>GERARD DANTEC : batterie <br><br>Entr\u00e9e libre<\/p>\n\n\n\n<hr class=\"wp-block-separator\"\/>\n\n\n\n<h4 class=\"wp-block-heading\">16h00 &#8211; auditorium du conservatoire<br>master class de violon par florin niculescu<\/h4>\n\n\n\n<div class=\"wp-block-media-text alignwide\"><figure class=\"wp-block-media-text__media\"><img loading=\"lazy\" decoding=\"async\" width=\"300\" height=\"168\" src=\"https:\/\/jazzenville.lhappyjazz.com\/wp-content\/uploads\/2019\/01\/violon.jpg\" alt=\"\" class=\"wp-image-216\"\/><\/figure><div class=\"wp-block-media-text__content\">\n<p>Florin Niculescu animera une master class avec les \u00e9l\u00e8ves violonistes en dernier cycle d\u2019\u00e9tudes au conservatoire.<br><br>Entr\u00e9e libre<br><\/p>\n<\/div><\/div>\n\n\n\n<hr class=\"wp-block-separator\"\/>\n\n\n\n<h4 class=\"wp-block-heading\">20h30 &#8211; auditorium du conservatoire<br>hommage a stephane grappelli par le florin niculescu quartet<\/h4>\n\n\n\n<div class=\"wp-block-media-text alignwide\"><figure class=\"wp-block-media-text__media\"><img loading=\"lazy\" decoding=\"async\" width=\"800\" height=\"440\" src=\"https:\/\/jazzenville.lhappyjazz.com\/wp-content\/uploads\/2019\/01\/Florin.jpg\" alt=\"\" class=\"wp-image-218\" srcset=\"https:\/\/jazzenville.lhappyjazz.com\/wp-content\/uploads\/2019\/01\/Florin.jpg 800w, https:\/\/jazzenville.lhappyjazz.com\/wp-content\/uploads\/2019\/01\/Florin-300x165.jpg 300w, https:\/\/jazzenville.lhappyjazz.com\/wp-content\/uploads\/2019\/01\/Florin-768x422.jpg 768w\" sizes=\"auto, (max-width: 800px) 85vw, 800px\" \/><\/figure><div class=\"wp-block-media-text__content\">\n<p>Florin Niculescu est aujourd\u2019hui l\u2019un des violonistes musiciens virtuoses majeurs de la sc\u00e8ne internationale. <br><\/p>\n<\/div><\/div>\n\n\n\n<p>  <br>Il a d\u00e9velopp\u00e9 une sonorit\u00e9 propre et un langage singulier, gr\u00e2ce \u00e0 sa solide formation classique mais aussi \u00e0 l\u2019exp\u00e9rience de ses multiples collaborations musicales aux c\u00f4t\u00e9s des plus grands musiciens.  Son irr\u00e9prochable technique violonistique et sa ph\u00e9nom\u00e9nale virtuosit\u00e9 admir\u00e9e de tous, musiciens et auditeurs, ne sont jamais, pour lui, une fin en soi mais bien les moyens d&rsquo;exprimer sa personnalit\u00e9 musicale. <\/p>\n\n\n\n<p>Il rend, ce soir, hommage \u00e0 l\u2019un de ses ma\u00eetres : St\u00e9phane Grappelli. <br><br>FLORIN NICULESCU : violon<br>ALAIN JEAN-MARIE : piano<br>NICOLA SABATO : contrebasse<br>GERMAIN CORNET : batterie<br><br>Entr\u00e9e libre<br>R\u00e9servation : 01 45 11 65 91    du lundi au vendredi <\/p>\n\n\n\n<hr class=\"wp-block-separator\"\/>\n\n\n\n<h3 class=\"wp-block-heading\">Dimanche 3 f\u00e9vrier<\/h3>\n\n\n\n<h4 class=\"wp-block-heading\">11h00 &#8211; villa medicis<br>pacific four<\/h4>\n\n\n\n<div class=\"wp-block-media-text alignwide\"><figure class=\"wp-block-media-text__media\"><img loading=\"lazy\" decoding=\"async\" width=\"1024\" height=\"546\" src=\"https:\/\/jazzenville.lhappyjazz.com\/wp-content\/uploads\/2019\/01\/Pacific-Four-1024x546.jpg\" alt=\"\" class=\"wp-image-219\" srcset=\"https:\/\/jazzenville.lhappyjazz.com\/wp-content\/uploads\/2019\/01\/Pacific-Four-1024x546.jpg 1024w, https:\/\/jazzenville.lhappyjazz.com\/wp-content\/uploads\/2019\/01\/Pacific-Four-300x160.jpg 300w, https:\/\/jazzenville.lhappyjazz.com\/wp-content\/uploads\/2019\/01\/Pacific-Four-768x410.jpg 768w, https:\/\/jazzenville.lhappyjazz.com\/wp-content\/uploads\/2019\/01\/Pacific-Four-1200x640.jpg 1200w\" sizes=\"auto, (max-width: 709px) 85vw, (max-width: 909px) 67vw, (max-width: 1362px) 62vw, 840px\" \/><\/figure><div class=\"wp-block-media-text__content\">\n<p>Ce quartet de musiciens passionn\u00e9s de Jazz West Coast et Be Bop est le fruit de nombreuses influences, g\u00e9n\u00e9rations et styles musicaux d\u00e9velopp\u00e9s en France et outre-Atlantique : petites et grandes formations, petites et grandes \u00e9coles\u2026 Il revisite \u00e0 deux voix un r\u00e9pertoire des ann\u00e9es 1950-60, adapt\u00e9 notamment des compositions de Gerry Mulligan et de Phil Woods.<br><\/p>\n<\/div><\/div>\n\n\n\n<p>GUY ROBERT : sax alto, clarinette<br>GILLES MITON : saxes alto &amp; baryton, fl\u00fbte<br>FR\u00c9D\u00c9RIC LOISEAU : guitare<br>PHILIPPE MONGE : contrebasse<br><br>Entr\u00e9e libre<br>R\u00e9servation : 01 45 11 65 91   du lundi au vendredi  <\/p>\n\n\n\n<hr class=\"wp-block-separator\"\/>\n\n\n\n<h4 class=\"wp-block-heading\">14h30 &#8211; eglise saint-fran\u00e7ois de sales<br>jazz&rsquo;n spirituals<\/h4>\n\n\n\n<div class=\"wp-block-media-text alignwide\"><figure class=\"wp-block-media-text__media\"><img loading=\"lazy\" decoding=\"async\" width=\"1024\" height=\"683\" src=\"https:\/\/jazzenville.lhappyjazz.com\/wp-content\/uploads\/2019\/01\/IMG_1050-copie-1024x683.jpg\" alt=\"\" class=\"wp-image-221\" srcset=\"https:\/\/jazzenville.lhappyjazz.com\/wp-content\/uploads\/2019\/01\/IMG_1050-copie-1024x683.jpg 1024w, https:\/\/jazzenville.lhappyjazz.com\/wp-content\/uploads\/2019\/01\/IMG_1050-copie-300x200.jpg 300w, https:\/\/jazzenville.lhappyjazz.com\/wp-content\/uploads\/2019\/01\/IMG_1050-copie-768x512.jpg 768w, https:\/\/jazzenville.lhappyjazz.com\/wp-content\/uploads\/2019\/01\/IMG_1050-copie.jpg 1134w\" sizes=\"auto, (max-width: 709px) 85vw, (max-width: 909px) 67vw, (max-width: 1362px) 62vw, 840px\" \/><\/figure><div class=\"wp-block-media-text__content\">\n<p>Cette formule issue de la tradition classique des concerts orgue et trompette est n\u00e9e de la rencontre de Michel Delakian et Stefan Patry, deux musiciens de jazz.<br><\/p>\n<\/div><\/div>\n\n\n\n<p> Le programme reprend les plus grands chants de Gospel et Negro Spirituals ainsi que des standards de jazz revisit\u00e9s. Une recherche de puret\u00e9 et de profondeur avec une bonne dose de swing !<br><br>STEFAN PATRY : orgue Hammond &amp; vocal<br>MICHEL DELAKIAN : trompette <br><br>Entr\u00e9e libre<\/p>\n\n\n\n<h4 class=\"wp-block-heading\">17h00 &#8211; salle des f\u00eates de la mairie<br>grand bal swing avec le panama swing orchestra<\/h4>\n\n\n\n<hr class=\"wp-block-separator\"\/>\n\n\n\n<div class=\"wp-block-media-text alignwide\"><figure class=\"wp-block-media-text__media\"><img loading=\"lazy\" decoding=\"async\" width=\"1024\" height=\"783\" src=\"https:\/\/jazzenville.lhappyjazz.com\/wp-content\/uploads\/2019\/01\/Panama-Swing-visuel-1024x783.jpg\" alt=\"\" class=\"wp-image-225\" srcset=\"https:\/\/jazzenville.lhappyjazz.com\/wp-content\/uploads\/2019\/01\/Panama-Swing-visuel-1024x783.jpg 1024w, https:\/\/jazzenville.lhappyjazz.com\/wp-content\/uploads\/2019\/01\/Panama-Swing-visuel-300x229.jpg 300w, https:\/\/jazzenville.lhappyjazz.com\/wp-content\/uploads\/2019\/01\/Panama-Swing-visuel-768x587.jpg 768w, https:\/\/jazzenville.lhappyjazz.com\/wp-content\/uploads\/2019\/01\/Panama-Swing-visuel-1200x917.jpg 1200w\" sizes=\"auto, (max-width: 709px) 85vw, (max-width: 909px) 67vw, (max-width: 1362px) 62vw, 840px\" \/><\/figure><div class=\"wp-block-media-text__content\">\n<p>Panama Swing est un orchestre de swing p\u00e9tillant au look 100 % vintage, avec une chanteuse pin up et des cuivres, qui reprend le r\u00e9pertoire dansant des ann\u00e9es 1930-1940.<br><\/p>\n<\/div><\/div>\n\n\n\n<p>  <br>Pour tous les amoureux du swing et du lindy hop, Panama Swing vous fera danser au son des grands standards de jazz. <br><br>PATRICIA SETBON : chant<br>DENIS JUSSEAUME : trompette<br>MICHEL PASTRE : saxophone<br>LUDOVIC DE PREISSAC : piano<br>RAPHA\u00cbL DEVER : contrebasse<br>FRAN\u00c7OIS LAUDET : batterie <br><br>Entr\u00e9e libre<br>R\u00e9servation : 01 45 11 65 91   du lundi au vendredi  <\/p>\n\n\n\n<p> <\/p>\n","protected":false},"excerpt":{"rendered":"<p>Du 29 janvier au 3 f\u00e9vrier 2019 Un nouveau festival de jazz \u00e0 Saint-Maur, Jazz en Ville, organis\u00e9 par L&rsquo;Happy Jazz.Notre association organise \u00e9galement des concerts et des jam sessions tout au long de l\u2019ann\u00e9e \u00e0 Saint-Maur. Retrouvez l&rsquo;ensemble de la programmation sur www.lhappyjazz.com Mardi 29 janvier 20H30 &#8211; Auditorium du conservatoireTHELMA YELLING JAZZ BAND &hellip; <a href=\"https:\/\/jazzenville.lhappyjazz.com\/index.php\/programme-2019\/\" class=\"more-link\">Continuer la lecture<span class=\"screen-reader-text\"> de &laquo;&nbsp;Jazz en Ville 2019&nbsp;&raquo;<\/span><\/a><\/p>\n","protected":false},"author":1,"featured_media":0,"parent":0,"menu_order":0,"comment_status":"closed","ping_status":"closed","template":"","meta":{"footnotes":""},"class_list":["post-6","page","type-page","status-publish","hentry"],"_links":{"self":[{"href":"https:\/\/jazzenville.lhappyjazz.com\/index.php\/wp-json\/wp\/v2\/pages\/6","targetHints":{"allow":["GET"]}}],"collection":[{"href":"https:\/\/jazzenville.lhappyjazz.com\/index.php\/wp-json\/wp\/v2\/pages"}],"about":[{"href":"https:\/\/jazzenville.lhappyjazz.com\/index.php\/wp-json\/wp\/v2\/types\/page"}],"author":[{"embeddable":true,"href":"https:\/\/jazzenville.lhappyjazz.com\/index.php\/wp-json\/wp\/v2\/users\/1"}],"replies":[{"embeddable":true,"href":"https:\/\/jazzenville.lhappyjazz.com\/index.php\/wp-json\/wp\/v2\/comments?post=6"}],"version-history":[{"count":22,"href":"https:\/\/jazzenville.lhappyjazz.com\/index.php\/wp-json\/wp\/v2\/pages\/6\/revisions"}],"predecessor-version":[{"id":297,"href":"https:\/\/jazzenville.lhappyjazz.com\/index.php\/wp-json\/wp\/v2\/pages\/6\/revisions\/297"}],"wp:attachment":[{"href":"https:\/\/jazzenville.lhappyjazz.com\/index.php\/wp-json\/wp\/v2\/media?parent=6"}],"curies":[{"name":"wp","href":"https:\/\/api.w.org\/{rel}","templated":true}]}}